
Let j = 7305 - 4639. Suppose 7*m = -j + 6663. What are the prime factors of m?
571
What are the prime factors of (264/1320)/((-110568)/110570 + (0 - -1))?
11057
Let k = 14210 - -1076. What are the prime factors of k?
2, 7643
Let q be 14 - 6/3 - -4. Suppose -9*z = -q*z - 728. Let t = 220 + z. List the prime factors of t.
2, 29
Let v be 513/72 + 0 + (-1)/8. Suppose v*d - 2*d = -5*c + 1075, 5*d - 3*c - 1051 = 0. What are the prime factors of d?
2, 53
Let x be (9/6)/(3/(-4)) - -116. Let q = x + -110. Suppose -3*r + q*v = 2*v - 591, 2*r - 393 = v. List the prime factors of r.
3, 5, 13
Let v(z) = 18*z**2 - 4*z + 3. Let i = 7 + 4. Suppose -9 = r - i. What are the prime factors of v(r)?
67
Let f(i) = 12421*i**2 + 30*i - 28. What are the prime factors of f(1)?
3, 41, 101
Suppose 0 = -j - 4*x + 35865, -2*j + x - 1279 + 72964 = 0. What are the prime factors of j?
5, 67, 107
Let y be -5 - (516/2 - -7). List the prime factors of y/105*55*42/(-9).
2, 3, 5, 11
Let p(z) = -5*z**3 + z**2 + 5*z + 3. Let h be p(-1). Suppose 0 = b + h*b - 8585. List the prime factors of b/9 + 44/198.
191
Suppose 0 = 2*b - 5*o - 16, 4*b + 5*o + 11 = -17. Let s be b/(-20)*5*4. Suppose 4*v - 4*m - 672 = 0, 3*v + s*m = -2*m + 518. List the prime factors of v.
2, 5, 17
Suppose 7 = 2*c - 3*u, 0*c - 3*u + 5 = -5*c. Let d be c + (4 - -1) - -2. Suppose -1 = -r, 7*r = d*b + 3*r - 32. What are the prime factors of b?
2, 3
Let t be ((-18)/4)/(46/4324). Let y = -1350 - -1963. Let n = y + t. What are the prime factors of n?
2, 5, 19
Suppose -1 = -u + 2*f, 4*u + f - 24 = -f. Suppose u*j = -3*g + 43, 5*g - 5*j - 77 = -32. Let b = g - -90. List the prime factors of b.
101
Let u(f) = -3*f + 17. Let a = 14 - 26. Let z be a/(8/56 - 19/(-14)). What are the prime factors of u(z)?
41
Suppose 40 + 41 = 2*i + y, 3*i - 5*y = 115. Suppose 1764 = -i*a + 49*a. List the prime factors of a.
2, 7
Let z be 3/(-5) - 1067*(-24)/(-1320). Let h = 189 + -80. Let v = z + h. List the prime factors of v.
89
Suppose 626558 = -47*n + 84*n. What are the prime factors of n?
2, 8467
Suppose -2*r + 7180 = 5*f, 29*f - 32*f + 7184 = 2*r. List the prime factors of r.
5, 719
Suppose -c = -2*s + 2, -4*s - 5*c + 1 + 17 = 0. Let z be (0 + 9/6)/((-1)/s). What are the prime factors of 392/(-35)*(-15)/z*-1?
2, 7
Let h = -3514 + 4727. What are the prime factors of h?
1213
Let c = -6705 - -14986. What are the prime factors of c?
7, 13
Let m(t) = 539*t**2 + 12*t. Let b(c) = 180*c**2 + 4*c. Let g(l) = 7*b(l) - 2*m(l). What are the prime factors of g(-2)?
2, 3, 5
Suppose -n + 1681 = 5*m, m - 5*m - 4*n = -1332. Let t = 298 + m. What are the prime factors of t?
5, 127
Let x = 80075 + -47859. List the prime factors of x.
2, 4027
Let v(g) = -59*g**3 + g**2 + 4*g + 4. Let o be v(-1). Suppose -4*u = -o - 1840. List the prime factors of u.
5, 19
Let q(a) = -178*a - 18. Let b be 2/18*6*-3*1. List the prime factors of q(b).
2, 13
Let j = 287 - 12. Let f = 160 - j. Let n = f + 162. List the prime factors of n.
47
Let l(v) = 7*v**2 + 10*v**3 - 9*v**2 - 11*v**3 - 17*v**2 + 97*v - 4. What are the prime factors of l(-25)?
1321
Let q = -121 - -121. Let y(x) = -x**3 + x**2. Let h be y(0). Suppose q = a, h*a + 222 = 3*t - 2*a. What are the prime factors of t?
2, 37
Suppose p = -2*c - 27, 3*p - 5*c + 189 = 53. Let d = 7 - p. Let m = 28 + d. List the prime factors of m.
2, 3
Suppose 2*x + 10 = -x + 5*t, -4*t + 8 = -2*x. Suppose x = 4*k + 893 - 9. List the prime factors of k/(-4) + 24/32.
2, 7
Let c(v) = -v + 5. Let t be c(5). Suppose 0 = 33*x - 63 - 234. Suppose t = -x*a + 591 + 345. List the prime factors of a.
2, 13
Suppose -2522 = -c + 4*j, 0*j = c + 5*j - 2504. Suppose 0 = -6*y + 3*y + c. What are the prime factors of y?
2, 419
Suppose -5*b + 13 = -3*j, 0*j + 2 = -2*j. What are the prime factors of b/13 + 21472/26?
2, 7, 59
Let n(w) = 915*w - 17. Let j be (-4*(3 + -2))/(-4). What are the prime factors of n(j)?
2, 449
Let k = 1117 + -678. Let q = k + -268. What are the prime factors of q?
3, 19
Let g(k) = 80*k**2 + 76*k - 462. What are the prime factors of g(7)?
2, 3, 5, 7, 19
List the prime factors of -2*9/6 - (922 + -3)*-13.
2, 1493
Let t(u) = -2*u**2 - 18*u + 5. Let s be t(-9). Suppose s*k - 8 = k. Suppose -142 = -i + d, k*i + 0*d - 4*d = 288. What are the prime factors of i?
2, 5, 7
Suppose 0 = p - 6*p + c + 622, -5*p + 640 = 5*c. Suppose -p + 1599 = 11*s. Let m = s - -23. What are the prime factors of m?
157
Let d(q) = -q**2 - 24*q - 27. Let w be d(-12). Let x = -348 - w. List the prime factors of -4*(x/6 + 3)/2.
149
Let o(n) = n + 4 + 13 + n**3 - 5*n**2 - 4*n. Let b(w) = -31*w + 5. Let s be b(0). List the prime factors of o(s).
2
Suppose -5*k + 2*r = -159007, -2*r - 132474 = -6*k + 58334. List the prime factors of k.
7, 11, 59
Let r(x) = -11*x**2 - 46 + x**3 + 82 + 2*x**2 - 9. What are the prime factors of r(10)?
127
Let d(g) = -g**3 + 14*g**2 + 11*g + 1. Let j be d(7). Let n = -353 + j. What are the prime factors of n?
2, 17
Let p be ((-114152)/(-228))/(1/3*2). Let q = 2018 - p. List the prime factors of q.
7, 181
Let o be 204/2 + 1 + -1. Let k be 2/7*10/(-20)*-7. List the prime factors of o/((0 + k)/(7/14)).
3, 17
Let l(o) = -8*o + 124. Let s be l(13). Suppose -s*z + 15*z = -2495. List the prime factors of z.
499
Suppose 81*g = 2534720 + 1125589. What are the prime factors of g?
3, 5021
Suppose 3*j = 13 - 4. Suppose 6*d - 1092 = j*d. Suppose 4*k - 84 - d = 0. List the prime factors of k.
2, 7
Let o = 10385 - -1793. List the prime factors of o.
2, 6089
Suppose 5*y + 120 = 5*w, -4*w + 6*w + 4*y = 60. Suppose w = -s - 192. Let u = s - -417. What are the prime factors of u?
199
Let t(q) = 255*q**2 + 17*q + 3. List the prime factors of t(3).
3, 29
Suppose -6*d + 173986 = 4*h, -3*h - 48*d + 130507 = -47*d. List the prime factors of h.
2, 2719
Let k = -338 - -139. List the prime factors of -3 - (4 + (k - -3)).
3, 7
Suppose -5*k - 8718 = -31318. Suppose -16*c = 4*c - k. What are the prime factors of c?
2, 113
Let s(m) = 3*m**2 - 35*m + 17. Let c be s(11). What are the prime factors of (c/1)/(-13 - (-34038)/2619)?
3, 5, 97
Let f be ((-34)/5)/(2/(-10)). Let y be 134/(-201) + 0 + 356/3 + -6. Suppose -2*s = -x + y, 0 = -3*x - 4*s + 332 + f. What are the prime factors of x?
2, 59
Let c(g) = 101*g**2 - 7*g + 61. List the prime factors of c(7).
11, 41
Let h = 10966 + -7337. What are the prime factors of h?
19, 191
Suppose 4*v - 5*q = v + 22030, 2*q = 5*v - 36685. What are the prime factors of v?
3, 5, 163
Suppose 0 = -5*c - 5*m + 2*m - 7, -4*m - 16 = 0. What are the prime factors of ((-25)/(-5) - 6)/c*-587?
587
Let r = -59 + 277. Let b = -105 + r. List the prime factors of b.
113
Suppose 10*k - 1941 = 5*k + h, 5*h + 1169 = 3*k. Suppose 5*z = -4*d + 28, -z + d = -2*z + 6. Suppose -6*u = -z*u - k. List the prime factors of u.
2, 97
Let t(g) = 16*g**3 - 8 + 5*g**2 + 22*g**3 - 36*g - 37*g**3. What are the prime factors of t(-8)?
2, 11
Let a be (-24)/2*(26/(-4) + -2). Let l = a - 65. Suppose 0 = 31*k - l*k + 342. List the prime factors of k.
3, 19
Let l = -7142 + 4209. Let g = l + 4841. List the prime factors of g.
2, 3, 53
Let b(x) = 297*x - 1322. What are the prime factors of b(64)?
2, 37, 239
Let r(l) be the second derivative of -6*l**3 + 79*l**2/2 - 33*l. List the prime factors of r(2).
7
Suppose -b = 3*k - 12, -4*b - 8*k + 4*k + 16 = 0. Suppose b = -5*t - 5*j + 620, 2*t + 9*j - 245 = 8*j. List the prime factors of t.
11
Suppose 3*n - 1110 = 1782. Suppose 211*q + n = 215*q. List the prime factors of q.
241
Let f(a) = -4*a + 2. Let n be f(-4). Let l = 180 + n. List the prime factors of l.
2, 3, 11
Let f = -180 - -558. Suppose -f = 3*t - 5*n - 3067, 4*n + 8 = 0. List the prime factors of t.
19, 47
Suppose -4*b - 4108 = 1408. Let p = -773 - b. What are the prime factors of p?
2, 3, 101
Suppose -3*y - 4*w + 472 = 0, 2*y = -0*y + 3*w + 326. Let p = 2853 + -2626. Let g = p - y. What are the prime factors of g?
67
Let u(h) = 8*h**3 + 20*h**2 + 13*h - 141. List the prime factors of u(12).
3, 5573
Let x = -85 + 89. Suppose -5*c + 3*t = -2*t - 1815, -3*c = -x*t - 1086. Suppose -c - 486 = -6*y. What are the prime factors of y?
2, 71
Suppose 105*z = 747416 + 219196 + 526593. What are the prime factors of z?
14221
Let t = -60 + 77. Let g = t + -15. Suppose -g*z + a + 37 